e 757686319?
False
Does 59 divide 376922507?
False
Is 10372879 a multiple of 3?
False
Is 2914324100 a multiple of 9148?
True
Is 403 a factor of 17438616?
True
Does 17 divide 28440745?
True
Is 13 a factor of 8227359?
False
Is 154 a factor of 14955248?
True
Does 472 divide 38358496?
True
Does 525 divide 79686806?
False
Is 3 a factor of 643365895?
False
Is 468557 even?
False
Does 2396 divide 9064068?
True
Is 3 a factor of 284868801?
True
Is 2327392632 a multiple of 552?
True
Does 152 divide 36077454?
False
Is 369271815 a multiple of 165?
True
Is 997250874 a multiple of 179?
False
Does 194 divide 31541577?
False
Does 3 divide 43472224?
False
Does 147 divide 2746428?
False
Does 7529 divide 1275186480?
False
Is 8031360 a multiple of 564?
True
Does 608 divide 170536096?
True
Does 9 divide 4573089?
True
Is 531164796 a multiple of 12?
True
Does 2 divide 8952881?
False
Does 8 divide 2950630755?
False
Is 75 a factor of 85276575?
True
Does 2172 divide 519690096?
True
Does 660 divide 266956791?
False
Is 392 a factor of 103591880?
True
Does 261 divide 294478470?
True
Is 856259444 a multiple of 11?
False
Is 758 a factor of 12774790?
False
Is 236292136 a multiple of 11?
False
Is 6 a factor of 280699931?
False
Is 59 a factor of 7194716?
False
Does 751 divide 46845925?
False
Is 903442977 a multiple of 141?
True
Is 673 a factor of 7533041?
False
Is 121 a factor of 16242919?
True
Does 55 divide 82517?
False
Does 29 divide 1769671089?
True
Is 5 a factor of 537470805?
True
Is 86402685 a multiple of 15?
True
Does 215 divide 40033430?
True
Is 105378427 a multiple of 11?
True
Does 2607 divide 274012293?
False
Is 223981944 a multiple of 124?
True
Is 68 a factor of 1648834?
False
Is 1042070058 a multiple of 359?
False
Is 126 a factor of 369981536?
False
Does 157 divide 47564563?
True
Does 221 divide 34765335?
False
Does 10356 divide 4403878644?
True
Does 297 divide 21042755?
False
Is 71860183 a multiple of 544?
False
Is 33 a factor of 54668967?
False
Does 1631 divide 24291917?
False
Does 20 divide 393475117?
False
Does 2 divide 19082224?
True
Does 1191 divide 53276538?
False
Does 1096 divide 18282059?
False
Does 765 divide 663941997?
False
Is 20021964 a multiple of 97?
True
Is 16 a factor of 18542741?
False
Is 13 a factor of 28789285?
False
Does 379 divide 393060592?
False
Does 184 divide 9053720?
True
Is 10965927 a multiple of 7?
True
Is 469 a factor of 680846831?
True
Is 129 a factor of 75988224?
True
Is 18919640 a multiple of 170?
True
Is 8181 a factor of 2127362697?
True
Is 30 a factor of 138152725?
False
Does 27 divide 95713380?
True
Is 28 a factor of 185941331?
False
Is 74 a factor of 20680876?
False
Is 80085809 a multiple of 13?
False
Does 227 divide 441341444?
False
Is 7172172 a multiple of 12?
True
Is 3791468263 a multiple of 11?
True
Does 760 divide 325907760?
True
Does 7 divide 116785914?
True
Does 3017 divide 29937829?
False
Is 1559 a factor of 116890702?
True
Is 2356 a factor of 1686705164?
True
Is 3 a factor of 190905721?
False
Does 261 divide 38243279?
False
Is 25 a factor of 20737845?
False
Does 57 divide 37412806?
False
Is 709078326 a multiple of 7?
False
Does 16 divide 27161891?
False
Does 3175 divide 258458800?
False
Is 234 a factor of 74193912?
True
Is 475218 a multiple of 9?
True
Is 367 a factor of 5848879?
True
Does 14 divide 30994451?
False
Is 17 a factor of 314722163?
False
Does 18 divide 3757364426?
False
Is 5178 a factor of 141778818?
True
Does 172 divide 18528872?
True
Does 90 divide 3307352?
False
Is 812356764 a multiple of 4148?
True
Is 973 a factor of 14075710?
False
Is 93677472 a multiple of 9?
True
Is 160 a factor of 112697440?
True
Is 519252872 a multiple of 4220?
False
Does 108 divide 210817296?
True
Does 57 divide 184959870?
True
Is 14339622 a multiple of 33?
True
Does 3287 divide 392717939?
False
Is 182 a factor of 71611602?
False
Is 456820238 a multiple of 58?
True
Does 6 divide 12916194?
True
Is 260 a factor of 10946520?
True
Does 933 divide 811319396?
False
Is 6791695 a multiple of 131?
True
Is 22998866 a multiple of 29?
False
Is 42117081 a multiple of 300?
False
Is 1005 a factor of 144867735?
True
Is 617 a factor of 65176714?
False
Is 17090 a factor of 3088658610?
True
Does 866 divide 1456435336?
True
Is 6 a factor of 25657218?
True
Does 295 divide 11439215?
True
Is 1619128361 a multiple of 93?
False
Does 8 divide 20685952?
True
Is 14 a factor of 37096934?
True
Does 61 divide 166348695?
False
Is 47095702 a multiple of 278?
True
Is 56 a factor of 3473930376?
True
Is 53060163 a multiple of 3141?
False
Does 214 divide 834600?
True
Does 7 divide 30106262?
False
Is 383 a factor of 11921300?
False
Does 27 divide 1634401530?
True
Is 51 a factor of 628010532?
True
Does 406 divide 672097989?
False
Is 17 a factor of 164639327?
False
Does 5111 divide 237840055?
False
Does 71 divide 128612097?
False
Is 3615314445 a multiple of 9509?
False
Is 16 a factor of 226843504?
True
Is 15 a factor of 102053475?
True
Is 134 a factor of 90402913?
False
Is 209390827 a multiple of 705?
False
Is 45194951 a multiple of 2667?
False
Is 8705 a factor of 765175734?
False
Is 574412622 a multiple of 2007?
False
Is 5 a factor of 4834979?
False
Is 253091279 a multiple of 557?
False
Is 12 a factor of 1943623620?
True
Does 2180 divide 823308976?
False
Does 7 divide 28455406?
True
Is 9 a factor of 183495175?
False
Is 214334946 a multiple of 423?
True
Is 493 a factor of 496707358?
False
Does 979 divide 29193780?
True
Is 502 a factor of 970660483?
False
Is 93583087 a multiple of 18?
False
Is 12913479 a multiple of 21?
False
Does 27 divide 654284514?
False
Is 179 a factor of 77074715?
True
Is 133 a factor of 2953172179?
False
Does 15 divide 75502649?
False
Is 227342243 a multiple of 47?
True
Is 2775 a factor of 604403351?
False
Does 40 divide 528448520?
True
Is 19 a factor of 97293341?
False
Is 2754 a factor of 140510044?
False
Is 154 a factor of 16194794?
True
Is 332120568 a multiple of 3?
True
Does 21 divide 17382834?
True
Is 69 a factor of 30297210?
True
Is 11 a factor of 66267333?
True
Does 26 divide 5574062?
True
Does 28 divide 2459147?
False
Does 1958 divide 37781568?
True
Is 24893264 a multiple of 342?
False
Is 486 a factor of 12984462?
True
Is 1173 a factor of 43317717?
True
Is 96 a factor of 846769443?
False
Is 1051101306 a multiple of 27?
True
Is 5801125 a multiple of 1558?
False
Is 56997930 a multiple of 331?
False
Does 74 divide 6169602?
True
Is 205001503 a multiple of 1481?
False
Is 24930922 a multiple of 904?
False
Is 33413146 a multiple of 1137?
False
Does 208 divide 15139280?
True
Does 8029 divide 209476610?
True
Is 54865849 a multiple of 866?
False
Is 4732347914 a multiple of 427?
True
Does 3112 divide 17411640?
True
Is 147 a factor of 19333881?
True
Does 20 divide 195507656?
False
Is 72774223 a multiple of 2?
False
Is 149 a factor of 63839199?
True
Does 690 divide 37453327?
False
Does 24 divide 27689976?
True
Does 133 divide 153960963?
False
Does 3218 divide 177770798?
False
Is 7 a factor of 20436528?
True
Is 394261320 a multiple of 129?
False
Is 116 a factor of 5847566380?
True
Is 162224598 a multiple of 49?
False
Is 510705244 a multiple of 932?
True
Is 869 a factor of 25122790?
True
Does 5 divide 23708884?
False
Is 197210785 a multiple of 22?
False
Does 15 divide 32298275?
False
Is 42 a factor of 316355417?
False
Is 150369520 a multiple of 4181?
False
Is 21 a factor of 98587997?
False
Is 9228552278 a multiple of 11?
True
Is 74769037 a multiple of 23?
False
Does 549 divide 8082378?
True
Is 71 a factor of 1309361481?
True
Is 1180 a factor of 197614645?
False
Does 103 divide 39278020?
True
Is 476860814 a multiple of 19?
False
Is 21 a factor of 618482193?
True
Is 177 a factor of 23194080?
True
Is 1553652017 a multiple of 61?
False
Is 11165118 a multiple of 17?
False
Does 1854 divide 139378158?
True
Does 54 divide 48139650?
True
Is 79413365 a multiple of 378?
False
Does 354 divide 73537209?
False
Does 902 divide 505962258?
False
Does 3 divide 123346158?
True
Is 28 a factor of 6544532?
False
Is 1350 a factor of 37253949?
False
Is 833 a factor of 37058706?
False
Is 1930380650 a multiple of 290?
True
Does 21 divide 49940494?
False
Is 136 a factor of 792366056?
True
Is 1082 a factor of 311347664?
True
Does 62 divide 217896582?
True
Does 9 divide 20397619?
F